 the prime factors of 817865332?
2, 43, 4755031
What are the prime factors of 1071104485?
5, 11, 929, 20963
List the prime factors of 2961605771.
2961605771
List the prime factors of 598424773.
29, 701, 29437
List the prime factors of 39019580.
2, 5, 1950979
List the prime factors of 857578749.
3, 29, 709, 13903
List the prime factors of 297988810.
2, 5, 7, 439, 9697
What are the prime factors of 287545843?
13, 67, 330133
List the prime factors of 1559552763.
3, 769, 676009
List the prime factors of 791289439.
791289439
List the prime factors of 537909720.
2, 3, 5, 53, 83, 1019
What are the prime factors of 35516541?
3, 223, 53089
List the prime factors of 2063552455.
5, 412710491
What are the prime factors of 22696978?
2, 701, 16189
What are the prime factors of 174381763?
223, 757, 1033
What are the prime factors of 1608413317?
7, 311, 811, 911
What are the prime factors of 237207867?
3, 13, 103, 59051
What are the prime factors of 47628441?
3, 7, 17, 6353
What are the prime factors of 1034081589?
3, 344693863
What are the prime factors of 32027205?
3, 5, 7, 305021
What are the prime factors of 54396012?
2, 3, 11, 19, 23, 41
What are the prime factors of 1683473651?
17489, 96259
What are the prime factors of 5859405763?
19, 311, 991607
List the prime factors of 45665235.
3, 5, 7, 11, 23, 191
List the prime factors of 230580812.
2, 7, 11, 748639
List the prime factors of 2401439840.
2, 5, 113, 317, 419
What are the prime factors of 283011750?
2, 3, 5, 7, 17, 151
List the prime factors of 1998578381.
43, 46478567
What are the prime factors of 8662921235?
5, 83, 20874509
List the prime factors of 13380463.
13380463
What are the prime factors of 747147695?
5, 7, 21347077
What are the prime factors of 147742231?
7, 13, 541, 3001
List the prime factors of 463893633.
3, 7, 1051913
List the prime factors of 488876702.
2, 41, 97, 61463
What are the prime factors of 505558520?
2, 5, 53, 238471
List the prime factors of 77611257.
3, 19, 151289
List the prime factors of 106404673.
223, 251, 1901
List the prime factors of 10066612.
2, 89, 28277
List the prime factors of 288670690.
2, 5, 7, 11, 233, 1609
List the prime factors of 131004906.
2, 3, 757, 28843
What are the prime factors of 4167622601?
12757, 326693
List the prime factors of 198114327.
3, 22012703
What are the prime factors of 28333358?
2, 14166679
List the prime factors of 835106962.
2, 19, 21976499
List the prime factors of 2267298992.
2, 7, 2891963
What are the prime factors of 89958264?
2, 3, 11, 41, 8311
What are the prime factors of 21043481?
21043481
What are the prime factors of 289440757?
1373, 210809
What are the prime factors of 39586700?
2, 5, 233, 1699
List the prime factors of 361879332.
2, 3, 23, 59, 71, 313
What are the prime factors of 7388322?
2, 3, 1231387
List the prime factors of 807862903.
1471, 549193
List the prime factors of 65232327.
3, 439, 49531
What are the prime factors of 157827801?
3, 61, 862447
List the prime factors of 74945606.
2, 37472803
List the prime factors of 1338481647.
3, 9239, 16097
List the prime factors of 1577310312.
2, 3, 65721263
What are the prime factors of 18760487?
31, 605177
List the prime factors of 312457819.
312457819
List the prime factors of 101405361.
3, 1039, 32533
What are the prime factors of 445752709?
359, 1241651
What are the prime factors of 93764994?
2, 3, 15627499
List the prime factors of 14020340.
2, 5, 23, 29, 1051
What are the prime factors of 79338665?
5, 7, 173, 13103
What are the prime factors of 1134783928?
2, 141847991
What are the prime factors of 5812490257?
7, 563, 1474877
What are the prime factors of 186340929?
3, 1301, 47743
What are the prime factors of 1109003291?
11, 100818481
List the prime factors of 110323881.
3, 12258209
What are the prime factors of 202554566?
2, 89, 181, 6287
What are the prime factors of 75044060?
2, 5, 7, 13, 41233
List the prime factors of 56277073.
173, 325301
What are the prime factors of 1247744044?
2, 37, 89, 94727
What are the prime factors of 4917133450?
2, 5, 211, 466079
What are the prime factors of 264873486?
2, 3, 31, 127, 11213
What are the prime factors of 473944627?
13, 36457279
List the prime factors of 3271981642.
2, 211, 2221, 3491
List the prime factors of 291743915.
5, 29, 2012027
What are the prime factors of 1723671882?
2, 3, 67, 1429247
What are the prime factors of 205440080?
2, 5, 2568001
What are the prime factors of 526601903?
526601903
What are the prime factors of 37547617?
239, 157103
List the prime factors of 489533956.
2, 661, 185149
List the prime factors of 3488564512.
2, 29, 1187, 3167
List the prime factors of 910179041.
601, 1514441
List the prime factors of 79722213.
3, 4933, 5387
What are the prime factors of 247824058?
2, 123912029
List the prime factors of 183409083.
3, 11, 13, 67, 709
What are the prime factors of 1754999023?
3733, 470131
What are the prime factors of 35948927?
7, 1489, 3449
What are the prime factors of 18789576?
2, 3, 13, 60223
List the prime factors of 21340713.
3, 59, 120569
What are the prime factors of 350746489?
8941, 39229
List the prime factors of 424965011.
281, 1512331
What are the prime factors of 1115454264?
2, 3, 83, 559967
List the prime factors of 483452709.
3, 23, 7006561
List the prime factors of 280643244.
2, 3, 7, 73, 45767
List the prime factors of 2986136324.
2, 401, 613, 3037
What are the prime factors of 71271226?
2, 13, 2741201
List the prime factors of 1015550730.
2, 3, 5, 41, 199, 461
What are the prime factors of 241636774?
2, 191, 632557
List the prime factors of 391934811.
3, 3673, 35569
List the prime factors of 414366021.
3, 46040669
What are the prime factors of 471257329?
471257329
List the prime factors of 47016106.
2, 101, 232753
What are the prime factors of 3303805893?
3, 1101268631
What are the prime factors of 281462167?
7, 461, 87221
What are the prime factors of 2852217988?
2, 877, 813061
List the prime factors of 3610305063.
3, 6997, 57331
What are the prime factors of 62463750?
2, 3, 5, 16657
List the prime factors of 237447290.
2, 5, 31, 43, 47, 379
What are the prime factors of 340866825?
3, 5, 13, 41, 8527
List the prime factors of 60188918.
2, 31, 970789
List the prime factors of 21689702.
2, 173, 62687
What are the prime factors of 655410017?
71, 433, 21319
What are the prime factors of 1992018971?
1992018971
What are the prime factors of 839646826?
2, 89, 4717117
What are the prime factors of 670889085?
3, 5, 44725939
List the prime factors of 53999530.
2, 5, 13, 415381
List the prime factors of 1084664229.
3, 11, 19, 1729927
List the prime factors of 24313994.
2, 1979, 6143
List the prime factors of 1271317501.
10663, 119227
What are the prime factors of 14716224?
2, 3, 29, 881
List the prime factors of 552359195.
5, 127, 359, 2423
What are the prime factors of 58503478?
2, 11, 43, 61843
What are the prime factors of 3063752873?
347, 8829259
List the prime factors of 350984442.
2, 3, 37, 1581011
List the prime factors of 182981718.
2, 3, 953, 10667
What are the prime factors of 8671867?
2039, 4253
List the prime factors of 124047460.
2, 5, 6202373
List the prime factors of 821822943.
3, 273940981
What are the prime factors of 636329228?
2, 19, 2311, 3623
List the prime factors of 4372535140.
2, 5, 218626757
What are the prime factors of 213922208?
2, 83, 239, 337
What are the prime factors of 53709979?
19, 1109, 2549
List the prime factors of 22764731.
11, 37, 55933
List the prime factors of 110631764.
2, 101, 251, 1091
List the prime factors of 1551925278.
2, 3, 61, 471137
List the prime factors of 643821503.
13, 49524731
List the prime factors of 59930879.
59930879
List the prime factors of 2201146894.
2, 1100573447
List the prime factors of 45212046.
2, 3, 11, 685031
What are the prime factors of 24635564?
2, 2287, 2693
List the prime factors of 138928218.
2, 3, 11, 13, 161921
List the prime factors of 165925004.
2, 7, 331, 17903
List the prime factors of 809254096.
2, 7, 7225483
What are the prime factors of 2612558?
2, 13, 100483
List the prime factors of 767797.
149, 5153
List the prime factors of 55229867.
7, 11, 717271
List the prime factors of 473741128.
2, 7, 61, 138683
What are the prime factors of 16838810?
2, 5, 883, 1907
List the prime factors of 660250813.